me factors of g.
2
Let x(m) = -2*m**2 - 9*m + 4. Let d be (6/5)/(8/(-20)). Let s(w) = 3*w**2 + 19*w - 9. Let f(h) = d*s(h) - 5*x(h). What are the prime factors of f(12)?
7
List the prime factors of 849 - (-2 + (-3)/(-1))/(-1).
2, 5, 17
Let r = 2915 + -2048. What are the prime factors of r?
3, 17
Let k(y) = -2*y - 20. Let z be k(-11). Suppose -z*q + i = 5*i - 708, -i = -2. List the prime factors of q.
2, 5, 7
Let i be ((-12)/8 - 0)*8. Let n = -10 - i. List the prime factors of 14 - -2 - (-2)/n.
17
Let v = 998 - 521. List the prime factors of v.
3, 53
Let j = -1429 + 2294. Suppose 0 = -4*c - 3*s + j, 15*c = 10*c - s + 1073. What are the prime factors of c?
2, 107
Let v(c) = 203*c**2 - 8*c + 5. List the prime factors of v(-2).
7, 17
Let d = 48 + -69. Let n = -39 + d. Let l = -19 - n. List the prime factors of l.
41
Let h(c) = c**3 - 6*c**2 + 7*c - 7. Suppose 0 = -5*j - n + 9 + 17, 3*n = -4*j + 23. Let k be h(j). Suppose k*d = 73 + 98. What are the prime factors of d?
3, 19
Suppose -o - 23 = -i, -5*o - 4*i - 98 = 26. Let d = o - -36. List the prime factors of d.
2, 3
Let b = 2756 + -1613. What are the prime factors of b?
3, 127
Let d = -2521 + 3877. What are the prime factors of d?
2, 3, 113
Let a be 5/1*(-4 + 7)*95. Suppose -6*t = -t - a. What are the prime factors of t?
3, 5, 19
Let x be (-91)/(-14) + (-1)/2. Suppose 5*l - p - 23 = 254, 0 = 3*p + x. What are the prime factors of l?
5, 11
Let h = -46 + 225. Let g = h + -115. List the prime factors of g.
2
Suppose 2*h - 3 + 7 = 0. Let l = h + 6. Suppose 3*a = 3*m + 93, 35 = 3*a - l*m - 61. What are the prime factors of a?
2, 7
Let q = -73 - -135. Let a = 11 + q. What are the prime factors of a?
73
Let v(c) be the first derivative of 17*c**3/3 - c**2 - c + 140. Let o = 2 + -3. List the prime factors of v(o).
2, 3
Let z(c) = 13*c**3 - 4*c**2 - 3*c + 13. Let j be z(3). Suppose 3*g = 5*i - 126 - j, 3*g - 157 = -2*i. List the prime factors of i.
2, 43
Let g(y) = -y**3 - 13*y**2 + 12*y + 2. Let s be g(-14). Let v = s + 88. What are the prime factors of v?
2, 59
Suppose 0 = 2*t + 2*w - w - 686, 3*w - 1716 = -5*t. List the prime factors of t.
2, 3, 19
Suppose 30 = -0*j + 3*j. Let d(x) = -x**3 + 9*x**2 + 9*x + 9. Let z be d(j). List the prime factors of 21 + z - (1 - 0).
19
What are the prime factors of (-245)/(6/(-18)*1)?
3, 5, 7
Suppose -3*h = 2*x - 3730, 4*x - 4581 - 2879 = 3*h. List the prime factors of x.
5, 373
Suppose 4*s - 5 = -3*p + 6, 0 = 5*p + 15. Suppose -4 = -2*k + 5*k - 2*d, s*k + d = 15. List the prime factors of k.
2
Let o be (-4 - 905)/(1 - (-5)/(-2)). Suppose -4*c = 2*q - o, -5*c = -2*q + 6*q - 753. What are the prime factors of c?
3, 17
Suppose 2*j + 22 - 2 = 0. Let g = 6 - 11. List the prime factors of (-12)/g + (-6)/j.
3
Let l be 4/10 + (-6)/(-10). Let c(b) = -7 + 1 + 3*b + l. List the prime factors of c(13).
2, 17
Suppose -4*c - 1167 = -l, -c - 8*l - 296 = -4*l. Let y = 538 + c. What are the prime factors of y?
2, 3, 41
Let f(w) = -38*w + 11 - 41 + 16 - 4. What are the prime factors of f(-4)?
2, 67
List the prime factors of (-101376)/(-336) + (-4)/(-14).
2, 151
Let l(y) = 22*y - 13. List the prime factors of l(22).
3, 157
Let o be (-6)/2*30/(-18). Suppose s + 2*h - 18 = 5*h, -o*s + 4*h = -35. Suppose s*a - 30 = a. List the prime factors of a.
3, 5
Let o = -458 - -786. Suppose -z = 3*z - o. What are the prime factors of z?
2, 41
Suppose 2*s - 2 = 2. Suppose -3*g - 3 = s*z, 4*z + 3 = -2*g - g. Suppose z = 7*l - 81 - 290. List the prime factors of l.
53
Let u = -5 + -7. Let o be u/8 - (-98)/4. Let a = o + 0. What are the prime factors of a?
23
Suppose -16 = -4*o + 4*z, 4*o + 2*z - 3*z = 13. Suppose -2*i = 2, -o*i + 344 = 2*j + 119. List the prime factors of j.
2, 3, 19
Suppose 3*y - 2*l - 82 = 0, -4*l - 7 = 13. Let x be (y/16)/((-1)/(-6)). Suppose 0 = 2*o + o - x. What are the prime factors of o?
3
Let z(d) = d**3. Let r(w) = 5*w**2 - w + 1. Let b(k) = r(k) + z(k). Let a(v) = -v - 18. Let u be a(-13). What are the prime factors of b(u)?
2, 3
Let z = -39 + 262. Let y = -148 + z. What are the prime factors of y?
3, 5
List the prime factors of (-2)/(((-168)/(-7))/(-6))*7788.
2, 3, 11, 59
Let b be (-6)/((-4)/2)*-7. Let p be b/9*(-27)/(-3). Let o = -3 - p. What are the prime factors of o?
2, 3
Suppose -a + 284 = -3*r - 227, 0 = -5*a - r + 2603. What are the prime factors of a?
2, 5, 13
Suppose s + 2*s + 3*g = 7617, -4*g - 12 = 0. List the prime factors of s.
2, 31, 41
Let f be 28/(-21) + (-20)/(-6). Suppose 3*u + 4*y = 408, -3*u + 2*y + 706 = f*u. What are the prime factors of u?
2, 5, 7
Let h be 3/(((-12)/(-112))/(-1)). Let f be 40/(-7) - (-8)/h. Let r = f - -19. What are the prime factors of r?
13
Let y(t) = t**3 + 8*t**2 + 9*t + 7. Let n be y(-6). Suppose -5*c - g = -4*g + n, 2*g - 10 = 0. What are the prime factors of 19 - ((-2)/(-1))/c?
2, 5
Let i(k) = 2*k**2 - 14*k + 5. Let j(f) = 2*f**2 - 13*f + 4. Let w(g) = -6*i(g) + 7*j(g). List the prime factors of w(-11).
317
Suppose 4*j + 10 = -38. List the prime factors of -4 + -27*8/j.
2, 7
Let d be 4/(-20) + (-5044)/(-20). Let k = 178 - d. Let n = -30 - k. List the prime factors of n.
2, 11
Suppose 0 = -2*f + 4*f - 5*k - 18, 0 = 4*f + 5*k - 66. Suppose -17*n + 645 = -f*n. What are the prime factors of n?
5, 43
Suppose 8*q - 184 + 696 = 0. Let o = q + 94. List the prime factors of o.
2, 3, 5
Suppose 8 = 12*z - 8*z. Let x(m) = -7*m**z - 33*m**3 + 32*m**3 - 3 + 10. List the prime factors of x(-7).
7
Let w = -1240 - -2168. What are the prime factors of w?
2, 29
Let o(r) = 7*r**3 + 2*r**2 - 92*r + 377. List the prime factors of o(4).
3, 163
Suppose -j + 7*n = 2*n + 7, j + 5*n = 13. Suppose 9*f - 4*f + j*r = 561, -3*f = -r - 331. What are the prime factors of f?
3, 37
Let a(w) = -4*w - 2. Let l be a(0). List the prime factors of l/((-28)/1098) - (-3)/(-7).
2, 3, 13
What are the prime factors of 0 + -4*((-99)/6)/3?
2, 11
Let u(y) = -1547*y**3 - y**2 - 2*y - 2. What are the prime factors of u(-1)?
2, 773
Suppose -3*u = -5*u - m + 6, -m = -2*u + 14. Suppose -2*k + 153 = 3*q, -3*q = -0*k + u*k - 396. List the prime factors of k.
3
Let j = 37 - 10. Let z be 1*10/(-6)*j. List the prime factors of z/(-3)*(-4)/(-3).
2, 5
Let s(b) = 20*b**2 - 56*b - 4. Let h(n) = -7*n**2 + 19*n + 1. Let f(q) = 14*h(q) + 5*s(q). What are the prime factors of f(9)?
2, 3, 5
Suppose -4*i - 147 = 957. List the prime factors of (4/6)/((-8)/i).
23
Let w(s) = -s + 7. Let d be w(-4). Suppose -d*f - 1261 = -24*f. List the prime factors of f.
97
Suppose -3*b + 12 = 3. Suppose y + 3*y - 13 = i, y - 6 = b*i. Suppose -54 = -y*t + 6. List the prime factors of t.
2, 5
Let u be ((-4)/(-3))/(8/24). Suppose 0 = i + 3*i - u*k, -4*k = i. Suppose 3*d - 36 = -i*d. What are the prime factors of d?
2, 3
Suppose 0 = 4*x - s - 5377, x - 5*s - 627 - 741 = 0. List the prime factors of x.
17, 79
Let l = -11 + 13. Suppose 6 = -2*p + l. What are the prime factors of (-34)/(-4) - 3/p?
2, 5
Suppose -6*c = 92 - 1730. List the prime factors of c.
3, 7, 13
Suppose 5*c - 8*c = 3*o - 348, c = -2*o + 236. Let x be 3/(-1)*12/9. What are the prime factors of (2/x)/((-5)/o)?
2, 3
Let z be 1/1 - (3 - 12). Suppose -k = 9 - 24. Suppose -2*u + z = -q, 46 - k = 5*u - 4*q. What are the prime factors of u?
3
Suppose -2*y = 2*y - 3*v - 6986, 0 = -4*y + 2*v + 6984. Suppose -18*z = -13*z - 2*s - y, 0 = 2*z - s - 698. What are the prime factors of z?
349
Let m = 0 - -10. Suppose 2*l - d + m = 0, -4*d - 4 = -5*l - 26. What are the prime factors of ((-16)/(-6))/(l/(-63))?
2, 7
Suppose 12870 = 18*f - 8604. What are the prime factors of f?
1193
Let f(g) = 3*g**2 - 31*g - 100. What are the prime factors of f(16)?
2, 43
Suppose 0*c + c = -4. List the prime factors of (-39)/(-3 - (c + 2)).
3, 13
Let k(n) = -n**3 - 7*n**2 - 8*n - 9. Let c be k(-6). Suppose c*x = 1 + 5. What are the prime factors of x - (-9 + 2 - 0)?
3
Suppose 2*o = -507 + 8851. List the prime factors of o.
2, 7, 149
Let z be 3 + (0 - 3) + -127. Let a = 188 + z. Let c = 90 - a. List the prime factors of c.
29
List the prime factors of (-12)/(-8)*((-17654)/(-21) + 4).
7, 181
Suppose 3*h = 6*h. Suppose h = -0*w - 3*w + 6. Suppose -2*c = -i - w, 0*i + 20 = 2*i + 2*c. What are the prime factors of i?
2, 3
Let z = 1397 + -1358. List the prime factors of z.
3, 13
Let s b